{"id":5329,"date":"2021-02-09T19:54:52","date_gmt":"2021-02-09T18:54:52","guid":{"rendered":"http:\/\/mf.untz.ba\/?page_id=5329"},"modified":"2024-12-04T14:46:30","modified_gmt":"2024-12-04T13:46:30","slug":"aktuelno","status":"publish","type":"page","link":"http:\/\/mf.untz.ba\/?page_id=5329","title":{"rendered":"Aktuelno"},"content":{"rendered":"\n<figure class=\"wp-block-image size-large\"><a href=\"http:\/\/mf.untz.ba\/wp-content\/uploads\/2024\/12\/image-199.png\"><img loading=\"lazy\" width=\"715\" height=\"290\" src=\"http:\/\/mf.untz.ba\/wp-content\/uploads\/2024\/12\/image-199.png\" alt=\"\" class=\"wp-image-9122\" srcset=\"http:\/\/mf.untz.ba\/wp-content\/uploads\/2024\/12\/image-199.png 715w, http:\/\/mf.untz.ba\/wp-content\/uploads\/2024\/12\/image-199-300x122.png 300w\" sizes=\"(max-width: 715px) 100vw, 715px\" \/><\/a><\/figure>\n\n\n\n<p><strong>\u201ePametna rje\u0161enja u energetskoj tranziciji proizvodnih preduze\u0107a\u201c ili skra\u0107eno \u201eSMART STEP\u201c<\/strong>&nbsp;naziv je 4,5 miliona KM vrijednog prekograni\u010dnog projekta. Projekat se finansira iz Interreg VI-A IPA Programa prekograni\u010dne saradnje Hrvatska \u2013 Bosna i Hercegovina \u2013 Crna Gora 2021-2027 i pripada projektima programskog prioriteta \u201eZelene investicije u za\u0161titu okoli\u0161a i efikasno upravljanje rizicima\u201c, i specifi\u010dnom cilju 2.1 \u201ePromocija energetske efikasnosti i smanjenje emisija stakleni\u010dkih gasova\u201c.<\/p>\n\n\n\n<p><strong>Opis projekta:<br><\/strong>Projekat predstavlja efikasan odgovor na klju\u010dne prepreke za hitno potrebnu dekarbonizaciju malih i srednjih preduze\u0107a (MSP-a) na projektnom podru\u010dju, koja su do sada bila zanemarena u politikama energetske efikasnosti Bosne i Hercegovine (BiH) i Republike Hrvatske (RH). MSP-a imaju veliki potencijal za pove\u0107anje energetske efikasnosti u svojim poslovnim procesima, ali zbog razli\u010ditih prepreka taj potencijal jo\u0161 nije iskori\u0161ten.Projekat \u0107e doprinijeti pametnoj, konkurentnoj, energetski efikasnoj i uglji\u010dno neutralnoj ekonomiji projektnog podru\u010dja, koje uklju\u010duje Tuzlanski kanton (TK) u BiH i Brodsko-posavsku \u017eupaniju (BP\u017d) u RH. Kroz prekograni\u010dnu saradnju uspostavit \u0107e se klju\u010dne pretpostavke za dekarbonizaciju MSP-a, uklju\u010duju\u0107i jedinstvenu klasifikaciju energetske efikasnosti za sve analizirane sektore MSP-a, odre\u0111ivanje trenutne potro\u0161nje energije i potencijala za u\u0161tedu, te razvoj akcionih planova i mehanizama finansijske podr\u0161ke. U Tuzli i Slavonskom Brodu bit \u0107e uspostavljeni funkcionalni Centri za energetsku tranziciju koji \u0107e podr\u017eati dekarbonizacijske napore MSP-a i omogu\u0107iti im primjenu naprednih tehnologija energetske efikasnosti.Glavni korisnici rezultata projekta bit \u0107e MSP-a, njihove organizacije, univerziteti, istra\u017eiva\u010dke institucije, lokalne i regionalne vlasti, te \u0161ira javnost.<\/p>\n\n\n\n<p><strong>Ciljevi projekta:<\/strong><\/p>\n\n\n\n<ol><li>Pove\u0107ati institucionalnu mo\u0107 i kapacitete na podru\u010dju Tuzlanskog kantona i Brodsko-posavske \u017eupanije za poticanje energetske tranzicije lokalne ekonomije. Pripremljeni strate\u0161ki okvir omogu\u0107it \u0107e ve\u0107i zna\u010daj zelenih investicija u dekarbonizaciji malih i srednjih preduze\u0107a (MSP). Ovaj cilj \u0107e biti postignut zajedni\u010dkom prekograni\u010dnom akcijom koja \u0107e kreirati strate\u0161ki, planski i implementacijski okvir za TK i BP\u017d. Strate\u0161ki okvir \u0107e se sastojati od preporuka, akcionog plana i finansijskih mehanizama za energetsku tranziciju malih i srednjih preduze\u0107a na podru\u010dju TK i BP\u017d.<\/li><li>Provesti prekograni\u010dno znanstveno istra\u017eivanje kako bi se precizno utvrdila trenutna potro\u0161nja energije MSP-a na projektnom podru\u010dju, kao i klju\u010dni parametri njihove energetske efikasnosti. Ovo \u0107e poslu\u017eiti kao temelj za uspostavu klasifikacije energetske efikasnosti (energetski razredi A-G) koja \u0107e va\u017eiti za sve analizirane sektore u BiH i RH. Klasifikacija \u0107e se temeljiti na detaljnim energetskim profilima MSP-a, uz stvaranje bogate baze podataka o potro\u0161nji energije, \u0161to \u0107e omogu\u0107iti bolje planiranje i implementaciju mjera za pove\u0107anje energetske efikasnosti.<\/li><li>Uspostaviti funkcionalne istra\u017eiva\u010dke centre zasnovane na znanju o energetskoj tranziciji preduze\u0107a u BP\u017d i TK. Centri za energetsku tranziciju pri Univerzitetu u Tuzli i Sveu\u010dili\u0161tu u Slavonskom Brodu \u0107e stvoriti inovativno istra\u017eiva\u010dko okru\u017eenje za studente i osoblje univerziteta, te potaknuti saradnju s lokalnim kompanijama za primjenu naprednih tehnologija energetske efikasnosti i obnovljivih izvora energije.<\/li><\/ol>\n\n\n\n<p><strong>Rezultati projekta:<\/strong>Jedinstvena klasifikacija energetske efikasnosti (energetski razredi A-G) primjenjiva na sve analizirane sektore u BiH i RH. Ova klasifikacija koristi se za izra\u010dun potro\u0161nje energije MSP-a, utvr\u0111ivanje potencijala za pove\u0107anje energetske efikasnosti i postavljanje ciljeva za smanjenje potro\u0161nje energije. Tako\u0111er, slu\u017ei kao osnova za preporuke o implementaciji mjera za pobolj\u0161anje energetske efikasnosti. Klasifikacija i baze podataka bit \u0107e prihva\u0107ene od strane vlasti i klju\u010dnih aktera u TK i BP\u017d kao klju\u010dni alati za izradu akcionih planova za pove\u0107anje energetske efikasnosti i smanjenje emisija stakleni\u010dkih gasova, te kao obavezan alat za budu\u0107e planiranje dekarbonizacije MSP-a. Rezultati projekta (klasifikacija, baze podataka, itd.) bit \u0107e preuzeti od strane dva univerziteta za primjenu i pro\u0161irenje u njihovim budu\u0107im nau\u010dnim istra\u017eivanjima.<\/p>\n\n\n\n<h6 id=\"CL-article-title-item-162\">Projekat je sufinansiran iz ERDF i IPA III fondova Evropske unije. Ovaj projektni ugao je proizveden uz pomo\u0107 Evropske unije. Sadr\u017eaj ovog projektnog ugla isklju\u010diva je odgovornost Centra za razvoj i podr\u0161ku Tuzla i ni na koji na\u010din se ne mo\u017ee uzeti da odra\u017eava stavove Evropske unije.<\/h6>\n","protected":false},"excerpt":{"rendered":"<p>\u201ePametna rje\u0161enja u energetskoj tranziciji proizvodnih preduze\u0107a\u201c ili skra\u0107eno \u201eSMART STEP\u201c&nbsp;naziv je 4,5 miliona KM vrijednog prekograni\u010dnog projekta. Projekat se finansira iz Interreg VI-A IPA Programa prekograni\u010dne saradnje Hrvatska \u2013 Bosna i Hercegovina \u2013&#46;&#46;&#46;<\/p>\n","protected":false},"author":3,"featured_media":0,"parent":0,"menu_order":0,"comment_status":"closed","ping_status":"closed","template":"","meta":[],"_links":{"self":[{"href":"http:\/\/mf.untz.ba\/index.php?rest_route=\/wp\/v2\/pages\/5329"}],"collection":[{"href":"http:\/\/mf.untz.ba\/index.php?rest_route=\/wp\/v2\/pages"}],"about":[{"href":"http:\/\/mf.untz.ba\/index.php?rest_route=\/wp\/v2\/types\/page"}],"author":[{"embeddable":true,"href":"http:\/\/mf.untz.ba\/index.php?rest_route=\/wp\/v2\/users\/3"}],"replies":[{"embeddable":true,"href":"http:\/\/mf.untz.ba\/index.php?rest_route=%2Fwp%2Fv2%2Fcomments&post=5329"}],"version-history":[{"count":3,"href":"http:\/\/mf.untz.ba\/index.php?rest_route=\/wp\/v2\/pages\/5329\/revisions"}],"predecessor-version":[{"id":9123,"href":"http:\/\/mf.untz.ba\/index.php?rest_route=\/wp\/v2\/pages\/5329\/revisions\/9123"}],"wp:attachment":[{"href":"http:\/\/mf.untz.ba\/index.php?rest_route=%2Fwp%2Fv2%2Fmedia&parent=5329"}],"curies":[{"name":"wp","href":"https:\/\/api.w.org\/{rel}","templated":true}]}}