{"id":74,"date":"2014-12-08T20:04:20","date_gmt":"2014-12-08T19:04:20","guid":{"rendered":"http:\/\/mf.untz.ba\/?page_id=74"},"modified":"2026-01-30T08:02:17","modified_gmt":"2026-01-30T07:02:17","slug":"studijski-program-iii-ciklusa","status":"publish","type":"page","link":"http:\/\/mf.untz.ba\/?page_id=74","title":{"rendered":"Studijski program III ciklusa"},"content":{"rendered":"<p><strong>STUDIJSKI PROGRAM III CIKLUSA STUDIJA (INOVIRANI)_<\/strong><strong>DOKTORSKI STUDIJ IZ PODRU\u010cJA MA\u0160INSTVA\u00a0<\/strong><strong>u primjeni od 2018\/19. godine<\/strong><\/p>\n<p>Na Ma\u0161inskom fakultetu Univerziteta u Tuzli osnovan je\u00a0 doktorski studij pod nazivom <strong><em>&#8220;Doktorski studij iz podru\u010dja ma\u0161instva&#8221;. <\/em><\/strong>za sticanje doktorata iz nau\u010dne grane Ma\u0161instvo\u00a0 unutar nau\u010dnog podru\u010dja Tehni\u010dkih nauka. Nastava na doktorskom studiju organizuje se na osnovu jednog studijskog programa i \u0161est usmjerenja. Kandidati koji uspje\u0161no okon\u010daju doktorski studij iz podru\u010dja ma\u0161instva\u00a0 sti\u010du nau\u010dno zvanje <strong>&#8220;Doktor tehni\u010dkih nauka iz podru\u010dja ma\u0161instva&#8221;.<\/strong><\/p>\n<p>Nosilac \u00a0doktorskog studija je Ma\u0161inski fakultet Univerziteta u Tuzli. U izvo\u0111enju doktorskog studija u\u010destvuju\u00a0 nastavnici Ma\u0161inskog fakulteta Univerziteta u Tuzli kao i nastavnici sa drugih fakulteta Univerziteta\u00a0 u Tuzli, te Bosne i Hercegovine i okru\u017eenja ( Sve u skladu sa va\u017ee\u0107im aktima Univerziteta u Tuzli).<\/p>\n<p>Doktorski studij traje tri godine, obavlja se kroz \u0161est semestara tokom kojih ispunjavanjem studijskih obaveza student ostvaruje 180 ECTS bodova, neophodnih za uspje\u0161no okon\u010danje studija. Nastava doktorskog programa je organizovana u \u0161est usmjerenja:<\/p>\n<ol>\n<li>Odr\u017eiva energija i okolina<\/li>\n<li>Termoenergetika<\/li>\n<li>Industrijski in\u017eenjering<\/li>\n<li>Proizvodne tehnologije<\/li>\n<li>Mehatronika<\/li>\n<li>Ma\u0161inske konstrukcije<\/li>\n<\/ol>\n<p><a href=\"http:\/\/mf.untz.ba\/wp-content\/uploads\/2021\/01\/INOVIRANI-STUDIJSKI-PROGRAM-III-CIKLUSA-STUDIJA-2018-2021_20_11_2018.pdf\">INOVIRANI STUDIJSKI PROGRAM III CIKLUSA STUDIJA 2018-2021<\/a><\/p>\n","protected":false},"excerpt":{"rendered":"<p>STUDIJSKI PROGRAM III CIKLUSA STUDIJA (INOVIRANI)_DOKTORSKI STUDIJ IZ PODRU\u010cJA MA\u0160INSTVA\u00a0u primjeni od 2018\/19. godine Na Ma\u0161inskom fakultetu Univerziteta u Tuzli osnovan je\u00a0 doktorski studij pod nazivom &#8220;Doktorski studij iz podru\u010dja ma\u0161instva&#8221;. za sticanje doktorata&#46;&#46;&#46;<\/p>\n","protected":false},"author":1,"featured_media":0,"parent":66,"menu_order":0,"comment_status":"closed","ping_status":"closed","template":"","meta":[],"_links":{"self":[{"href":"http:\/\/mf.untz.ba\/index.php?rest_route=\/wp\/v2\/pages\/74"}],"collection":[{"href":"http:\/\/mf.untz.ba\/index.php?rest_route=\/wp\/v2\/pages"}],"about":[{"href":"http:\/\/mf.untz.ba\/index.php?rest_route=\/wp\/v2\/types\/page"}],"author":[{"embeddable":true,"href":"http:\/\/mf.untz.ba\/index.php?rest_route=\/wp\/v2\/users\/1"}],"replies":[{"embeddable":true,"href":"http:\/\/mf.untz.ba\/index.php?rest_route=%2Fwp%2Fv2%2Fcomments&post=74"}],"version-history":[{"count":6,"href":"http:\/\/mf.untz.ba\/index.php?rest_route=\/wp\/v2\/pages\/74\/revisions"}],"predecessor-version":[{"id":10506,"href":"http:\/\/mf.untz.ba\/index.php?rest_route=\/wp\/v2\/pages\/74\/revisions\/10506"}],"up":[{"embeddable":true,"href":"http:\/\/mf.untz.ba\/index.php?rest_route=\/wp\/v2\/pages\/66"}],"wp:attachment":[{"href":"http:\/\/mf.untz.ba\/index.php?rest_route=%2Fwp%2Fv2%2Fmedia&parent=74"}],"curies":[{"name":"wp","href":"https:\/\/api.w.org\/{rel}","templated":true}]}}