{"id":858,"date":"2016-11-08T01:11:21","date_gmt":"2016-11-08T00:11:21","guid":{"rendered":"http:\/\/mf.untz.ba\/?page_id=858"},"modified":"2016-11-08T01:11:21","modified_gmt":"2016-11-08T00:11:21","slug":"uslovi-upotrebe","status":"publish","type":"page","link":"http:\/\/mf.untz.ba\/?page_id=858","title":{"rendered":"Uslovi upotrebe"},"content":{"rendered":"<h6 style=\"text-align: justify;\">Generalne odredbe<\/h6>\n<p style=\"text-align: justify;\">Autor ovog teksta i web stranice (nadalje MFUNTZ) mo\u017ee ova pravila i uslove a\u017eurirati periodi\u010dno, stoga vas molimo da ih provjerite sa vremena na vrijeme. Va\u0161 nastavak upotrebe ove web stranica, nakon a\u017euriranja pravila i uslova, predstavlja va\u0161e prihvatanje tako izmjenjenih pravila i uslova. Ako se sa ovom stavkom ne sla\u017eete onda niste ovla\u0161teni za nastavak upotrebe ove web stranice.<\/p>\n<p style=\"text-align: justify;\">Od strane MFUNTZ vi ste ovla\u0161teni na pregled, preuzimanje i slanje tre\u0107im licima dokumenata objavljenih na ovoj web stranici pod uslovima:<\/p>\n<ul style=\"text-align: justify;\">\n<li>Nisu napravljene nikakve izmjene bez pisane dozvole autora stranice,<\/li>\n<li>Dokumenti \u0107e se koristiti samo u informativne svrhe za privatne ili nekomercijalne svrhe.<\/li>\n<\/ul>\n<p style=\"text-align: justify;\">Ovla\u0161teni ste i na printanje javnih dokumenata objavljenih od strane institucija na ovoj web stranici (npr. Pravila studiranja i sl.). Za printanje dokumenata i djela koja spadaju pod ne\u010dije autorsko pravo na rad morate tra\u017eiti dozvolu autora ili uprave fakulteta (npr. \u010casopise i sl.).<\/p>\n<p style=\"text-align: justify;\">Ukoliko se ne sla\u017eete sa re\u010denim iznad, svako pregledanje, preuzimanje, kopiranje, proslije\u0111ivanje sadr\u017eaja na ovoj web stranici vam je zabranjeno. Ukoliko stranicu planirate koristiti na neki drugi na\u010din, druga\u010diji od navedenog, molimo da nas kontaktirate.<\/p>\n<hr \/>\n<h6 style=\"text-align: justify;\">Administriranje<\/h6>\n<p style=\"text-align: justify;\">MFUNTZ Administracija (webmaster i voditelji) imati \u0107e pravo da u bilo kojem trenutku i iz bilo kojeg razloga, izmjeni ili prekine ovaj web servis, sa ili bez obavje\u0161tenja. MFUNTZ ne\u0107e biti odgovoran vama ili bilo kojoj tre\u0107oj strani za nastanke modifikacije i dejstva koja mogu proiste\u0107i iz toga.<\/p>\n<p style=\"text-align: justify;\">Svi potpisani \u010dlanci predstavljaju stavove osoba koje su ih postavile na web stranicu, sa izuzetkom preuzetih \u010dlanka koji sadr\u017eavaju izvor informacije naveden na dnu \u010dlanka.<\/p>\n<p style=\"text-align: justify;\">Aktuelni Webmaster stranice \u0107e raditi po slu\u017ebenoj du\u017enosti, te stoga \u010dlanci koje on objavi ne predstavljaju njegove stavove ve\u0107 stavove institucije. Webmaster nije odgovoran za sadr\u017eaj postavljen na web stranicu.<\/p>\n<hr \/>\n<h6 style=\"text-align: justify;\">Veze<\/h6>\n<p style=\"text-align: justify;\">Ova web stranica mo\u017ee sadr\u017eavati linkove ka drugim web stranicama ili izvorima. MFUNTZ nije odgovoran za tekst i\/ili reklamni sadr\u017eaj ili usluge koje se nalaze na tim drugim stranicama ili izvorima, za sadr\u017eaj koji je (ne) dostupan na njima, njihovoj mogu\u0107nosti upotrebe ili ta\u010dnosti podataka.<\/p>\n<hr \/>\n<h6 style=\"text-align: justify;\">Napomene<\/h6>\n<p style=\"text-align: justify;\">MFUNTZ ne mo\u017ee garantirati:<\/p>\n<ul style=\"text-align: justify;\">\n<li>Da je sadr\u017eaj na ovoj web stranici bez gre\u0161aka ili prilago\u0111en za svaku upotrebu.<\/li>\n<li>Da \u0107e ova web stranica funkcionirati bez prekida ili gre\u0161aka,<\/li>\n<li>Da \u0107e ova web stranica biti prikladna za va\u0161a potrebe ili namjere upotrebe,<\/li>\n<li>Da ova web stranica ne\u0107e nenamjerno, implementacijom sadr\u017eaja na istu, prekr\u0161iti patent, za\u0161titni znak, autorsko pravo ili druga prava tre\u0107ih strana.<\/li>\n<\/ul>\n<p style=\"text-align: justify;\">Ukoliko se ne sla\u017eete sa do sada navedenim stavkama ovih pravila i uslove upotrebe MFUNTZ web stranice ili niste zadovoljni servisima koje ova web stranica nudi, prestanite koristiti ovu web stranicu. MFUNTZ nije odgovoran vama ili bilo kojoj tre\u0107oj strani za bilo kakvu \u0161tetu, bila ona direktna, indirektna, slu\u010dajna ili posljedina\u010dna, povezana ili proizilaze\u0107a iz va\u0161e upotrebe, pogre\u0161ne upotrebe ili nemogu\u0107nosti upotrebe MFUNTZ web stranice i njenih servisa.<\/p>\n<p style=\"text-align: justify;\">Iako va\u0161e potra\u017eivanje mo\u017ee biti zasnovano na garanciji, ugovoru, prekr\u0161aju ili nekom drugom pravnom upori\u0161tu, nezavisno o na\u0161oj informisanosti o nastanku takve \u0161tete, MFUNTZ je oslobo\u0111en svih odgovornosti.<\/p>\n<p style=\"text-align: center;\"><strong>Prihvatanje ograni\u010denja na\u0161e odgovornosti je nu\u017ean preduslov za nastavak upotrebe ove web stranice i njenih prate\u0107ih servisa ili usluga.<\/strong><\/p>\n","protected":false},"excerpt":{"rendered":"<p>Generalne odredbe Autor ovog teksta i web stranice (nadalje MFUNTZ) mo\u017ee ova pravila i uslove a\u017eurirati periodi\u010dno, stoga vas molimo da ih provjerite sa vremena na vrijeme. Va\u0161 nastavak upotrebe ove web stranica, nakon&#46;&#46;&#46;<\/p>\n","protected":false},"author":1,"featured_media":0,"parent":0,"menu_order":0,"comment_status":"closed","ping_status":"closed","template":"","meta":[],"_links":{"self":[{"href":"http:\/\/mf.untz.ba\/index.php?rest_route=\/wp\/v2\/pages\/858"}],"collection":[{"href":"http:\/\/mf.untz.ba\/index.php?rest_route=\/wp\/v2\/pages"}],"about":[{"href":"http:\/\/mf.untz.ba\/index.php?rest_route=\/wp\/v2\/types\/page"}],"author":[{"embeddable":true,"href":"http:\/\/mf.untz.ba\/index.php?rest_route=\/wp\/v2\/users\/1"}],"replies":[{"embeddable":true,"href":"http:\/\/mf.untz.ba\/index.php?rest_route=%2Fwp%2Fv2%2Fcomments&post=858"}],"version-history":[{"count":1,"href":"http:\/\/mf.untz.ba\/index.php?rest_route=\/wp\/v2\/pages\/858\/revisions"}],"predecessor-version":[{"id":859,"href":"http:\/\/mf.untz.ba\/index.php?rest_route=\/wp\/v2\/pages\/858\/revisions\/859"}],"wp:attachment":[{"href":"http:\/\/mf.untz.ba\/index.php?rest_route=%2Fwp%2Fv2%2Fmedia&parent=858"}],"curies":[{"name":"wp","href":"https:\/\/api.w.org\/{rel}","templated":true}]}}