{"id":88,"date":"2014-12-08T20:05:51","date_gmt":"2014-12-08T19:05:51","guid":{"rendered":"http:\/\/mf.untz.ba\/?page_id=88"},"modified":"2026-04-06T07:44:41","modified_gmt":"2026-04-06T05:44:41","slug":"raspored-predavanja","status":"publish","type":"page","link":"http:\/\/mf.untz.ba\/?page_id=88","title":{"rendered":"Oglasna tabla I Ciklus studija &#8211; Apsolventi"},"content":{"rendered":"\n<p class=\"has-cyan-bluish-gray-background-color has-background\"><strong>Apsolventski ispitni termini<\/strong> (akademska 2025\/26. godina)<\/p>\n\n\n\n<p><a href=\"https:\/\/docs.google.com\/spreadsheets\/d\/15HkqsJGmPlkupu76cDue7B1KP5faydFA0Zh7jPCCHMs\/edit?usp=sharing\">Apsolventski termini ispita_mart_maj<\/a><\/p>\n\n\n\n<p><a href=\"https:\/\/docs.google.com\/spreadsheets\/d\/19ydAFR8s57k5BLsHxqPUgD11bHYUfn0T6kQ2f6mdJs0\/edit?usp=sharing\">Apsolventski termini ispita_oktobar_novembar_decembar<\/a><\/p>\n\n\n\n<p><strong>Napomena:<\/strong> Studenti su obavezni javiti se predmetnom nastavniku putem e-maila ukoliko su planirali iza\u0107i na ispit.<\/p>\n\n\n\n<p class=\"has-vivid-red-color has-text-color has-background\" style=\"background-color:#dce2e7\"><strong>Rezultati &#8211; apsolventski rokovi<\/strong> (akademska 2025\/26. godina)<\/p>\n\n\n\n<p><a href=\"https:\/\/drive.google.com\/file\/d\/1UG8w4wYxlk29dWJPkb8P3RIkkfvw2Tf2\/view?usp=sharing\">&#8221;Matematika II&#8221;, od 27.10.2025. godine<\/a><\/p>\n\n\n\n<p><a href=\"https:\/\/docs.google.com\/document\/d\/1qHu5JXe425IY7R_WT4wBbWakmWbtVgSE\/edit?usp=sharing&amp;ouid=111632435225808330276&amp;rtpof=true&amp;sd=true\">&#8221;Termodinamika I&#8221;, od 27.10.2025. godine<\/a><\/p>\n\n\n\n<p><a href=\"https:\/\/docs.google.com\/document\/d\/1hYAeUw_kM5RyZJogwkZwMwKC127GWUv4\/edit?usp=sharing&amp;ouid=111632435225808330276&amp;rtpof=true&amp;sd=true\">&#8221;Termodinamika I&#8221;, od 01.12.2025. godine<\/a><\/p>\n\n\n\n<p><a href=\"https:\/\/docs.google.com\/document\/d\/1uVTp1l1zrOz42opJDsuU-ZsmQFtVEFzs\/edit?usp=sharing&amp;ouid=111632435225808330276&amp;rtpof=true&amp;sd=true\">&#8221;Termodinamika I&#8221;, od 26.12.2025. godine<\/a><\/p>\n\n\n\n<p><a href=\"https:\/\/docs.google.com\/document\/d\/1S64LeTVM8zNXeybIfCUTLSc9WUzkAxSN\/edit?usp=sharing&amp;ouid=111632435225808330276&amp;rtpof=true&amp;sd=true\">&#8221;Matematika II&#8221;, od 19.01.2026. godine<\/a><\/p>\n\n\n\n<p><a href=\"https:\/\/docs.google.com\/document\/d\/14QxWr5g43c2fdyxkcrzB5UV8aQUjlfxX\/edit?usp=sharing&amp;ouid=111632435225808330276&amp;rtpof=true&amp;sd=true\">&#8221;Termodinamika I&#8221;, od 29.01.2026. godine<\/a><\/p>\n\n\n\n<p><a href=\"https:\/\/docs.google.com\/document\/d\/1aDJF0bdH9_SVQLAt3Xr24TjP65VShpFp\/edit?usp=sharing&amp;ouid=111632435225808330276&amp;rtpof=true&amp;sd=true\">&#8221;Matematika II&#8221;, od 05.02.2026. godine<\/a><\/p>\n\n\n\n<p><a href=\"https:\/\/docs.google.com\/document\/d\/1DaSF1pBLNqKWgphezbTz_e8h4-a2DE78\/edit?usp=sharing&amp;ouid=111632435225808330276&amp;rtpof=true&amp;sd=true\">&#8221;Matematika II&#8221;, od 02.04.2026. godine<\/a><\/p>\n\n\n\n<div class=\"wp-block-image\"><figure class=\"aligncenter size-large\"><a href=\"http:\/\/mf.untz.ba\/wp-content\/uploads\/2025\/09\/image.png\"><img loading=\"lazy\" width=\"832\" height=\"340\" src=\"http:\/\/mf.untz.ba\/wp-content\/uploads\/2025\/09\/image.png\" alt=\"\" class=\"wp-image-10264\" srcset=\"http:\/\/mf.untz.ba\/wp-content\/uploads\/2025\/09\/image.png 832w, http:\/\/mf.untz.ba\/wp-content\/uploads\/2025\/09\/image-300x123.png 300w, http:\/\/mf.untz.ba\/wp-content\/uploads\/2025\/09\/image-768x314.png 768w\" sizes=\"(max-width: 832px) 100vw, 832px\" \/><\/a><\/figure><\/div>\n\n\n\n<p class=\"has-cyan-bluish-gray-background-color has-background\"><strong>Apsolventski ispitni termini<\/strong> (akademska 2024\/25. godina)<\/p>\n\n\n\n<p>&#8221;Termodinamika I&#8221;, pismeni ispit &#8211; zadaci 27.06.2025. godine (10:15, Kampus 06B) \/ teorijski ispit 01.07.2025. godine u 9:30 sati na Ma\u0161inskom fakultetu.<\/p>\n\n\n\n<div class=\"wp-block-file\"><a href=\"http:\/\/mf.untz.ba\/wp-content\/uploads\/2024\/10\/Raspored_ispita_apsolventi_ZIMSKI_sem_2024.docx\"><a href=\"https:\/\/docs.google.com\/spreadsheets\/d\/1vROGA0KQ8bxdAsg9MOjCLu1JO0Xmm4Hx\/edit?usp=sharing&amp;ouid=111632435225808330276&amp;rtpof=true&amp;sd=true\">Apsolventski rokovi_mart_maj_ak. 2024\/25. godina<\/a><br><br>Dr. sci. Alan Top\u010di\u0107, red. prof.<\/a><a href=\"http:\/\/mf.untz.ba\/wp-content\/uploads\/2024\/10\/Raspored_ispita_apsolventi_ZIMSKI_sem_2024.docx\" class=\"wp-block-file__button\" download>Preuzmi<\/a><\/div>\n\n\n\n<div class=\"wp-block-file\"><a href=\"http:\/\/mf.untz.ba\/wp-content\/uploads\/2024\/10\/APSOLVENTSKI-ROKOVI_prof.-Osmic-1.docx\">Dr. sci. Midhat Osmi\u0107, vanr. prof.<\/a><a href=\"http:\/\/mf.untz.ba\/wp-content\/uploads\/2024\/10\/APSOLVENTSKI-ROKOVI_prof.-Osmic-1.docx\" class=\"wp-block-file__button\" download>Preuzmi<\/a><\/div>\n\n\n\n<div class=\"wp-block-file\"><a href=\"http:\/\/mf.untz.ba\/wp-content\/uploads\/2024\/12\/Raspored-ispita_APSOLVENTI_DECEMBAR_2024.doc\">Dr. sci. Muhamed Mehmedovi\u0107, vanr. prof.<\/a><a href=\"http:\/\/mf.untz.ba\/wp-content\/uploads\/2024\/12\/Raspored-ispita_APSOLVENTI_DECEMBAR_2024.doc\" class=\"wp-block-file__button\" download>Preuzmi<\/a><\/div>\n\n\n\n<div class=\"wp-block-file\"><a href=\"http:\/\/mf.untz.ba\/wp-content\/uploads\/2024\/11\/Ispitni-termini_apsolventi_2024_2025.xlsx\">Dr. sci. Almir Osmanovi\u0107, vanr. prof.<\/a><a href=\"http:\/\/mf.untz.ba\/wp-content\/uploads\/2024\/11\/Ispitni-termini_apsolventi_2024_2025.xlsx\" class=\"wp-block-file__button\" download>Preuzmi<\/a><\/div>\n\n\n\n<div class=\"wp-block-file\"><a href=\"http:\/\/mf.untz.ba\/wp-content\/uploads\/2024\/10\/Obavjest_09_10_24.pdf\">Dr. sci. Edin Cerjakovi\u0107, vanr. prof.<\/a><a href=\"http:\/\/mf.untz.ba\/wp-content\/uploads\/2024\/10\/Obavjest_09_10_24.pdf\" class=\"wp-block-file__button\" download>Preuzmi<\/a><\/div>\n\n\n\n<div class=\"wp-block-file\"><a href=\"http:\/\/mf.untz.ba\/wp-content\/uploads\/2024\/10\/APSOLVENTSKI-ROKOVI_Dr_sci_Sladjan-Lovric_vanr_prof_24_25.pdf\">Dr. sci. Sla\u0111an Lovri\u0107, vanr. prof.<\/a><a href=\"http:\/\/mf.untz.ba\/wp-content\/uploads\/2024\/10\/APSOLVENTSKI-ROKOVI_Dr_sci_Sladjan-Lovric_vanr_prof_24_25.pdf\" class=\"wp-block-file__button\" download>Preuzmi<\/a><\/div>\n\n\n\n<div class=\"wp-block-file\"><a href=\"http:\/\/mf.untz.ba\/wp-content\/uploads\/2024\/10\/Raspored-apsolventskih-rokova.docx\">Dr. sci. Sandira Elj\u0161an, red. prof.<\/a><a href=\"http:\/\/mf.untz.ba\/wp-content\/uploads\/2024\/10\/Raspored-apsolventskih-rokova.docx\" class=\"wp-block-file__button\" download>Preuzmi<\/a><\/div>\n\n\n\n<p class=\"has-black-color has-text-color\">Dr. sci. Samra Sadikovi\u0107, vanr. prof., predmet: &#8221;Matematika II&#8221; &#8211; 31.10.2024., 28.11.2024. i 26.12.2024. godine sa po\u010detkom u 13h, na PMF-u sala 205.<\/p>\n\n\n\n<p class=\"has-black-color has-text-color\">Dr. sci. Sanela Halilovi\u0107, vanr. prof., predmet: &#8221;Matematika III&#8221; &#8211; 16.10.2024., 20.11.2024. i 18.12.2024. godine od 13:30 sati, Kampus &#8211; u\u010dionica 6B.<\/p>\n\n\n\n<p class=\"has-black-color has-text-color\">Dr. sci. Seniha Kari\u0107, docent, predmet: &#8221;Dinamika i oscilacije&#8221; &#8211; 23.10.2024., 20.11.2024. i 25.12.2024. godine sa po\u010detkom u 11:45 sati, Kampus &#8211; u\u010dionica 6B.<\/p>\n\n\n\n<div class=\"wp-block-file\"><a href=\"http:\/\/mf.untz.ba\/wp-content\/uploads\/2024\/10\/Apsolventski_rokovi_Indira_Buljubasic_2024_25.docx\">Dr. sci. Indira Buljuba\u0161i\u0107, red. prof.<\/a><a href=\"http:\/\/mf.untz.ba\/wp-content\/uploads\/2024\/10\/Apsolventski_rokovi_Indira_Buljubasic_2024_25.docx\" class=\"wp-block-file__button\" download>Preuzmi<\/a><\/div>\n\n\n\n<p class=\"has-black-color has-text-color\">Dr. sci. Izet Ali\u0107, red. prof., predmeti: &#8221;Mehanika fluida I&#8221; i &#8221;Mehanika fluida II&#8221; &#8211; 29.10.2024., 26.11.2024. i 24.12.2024. godine&nbsp; od 12:45 sati, u\u010dionica M\u0160F-04.<\/p>\n\n\n\n<div class=\"wp-block-file\"><a href=\"http:\/\/mf.untz.ba\/wp-content\/uploads\/2024\/10\/RASPORED-APSOLVENTSKIH-ROKOVA_2024_2025.docx\">Dr. sci. Edis Nasi\u0107, docent<\/a><a href=\"http:\/\/mf.untz.ba\/wp-content\/uploads\/2024\/10\/RASPORED-APSOLVENTSKIH-ROKOVA_2024_2025.docx\" class=\"wp-block-file__button\" download>Preuzmi<\/a><\/div>\n\n\n\n<div class=\"wp-block-file\"><a href=\"http:\/\/mf.untz.ba\/wp-content\/uploads\/2024\/10\/Raspored_apsolventskih_ispita_za_skolsku_2024_25-1.docx\">Dr. sci. Izudin Deli\u0107, vanr. prof.<\/a><a href=\"http:\/\/mf.untz.ba\/wp-content\/uploads\/2024\/10\/Raspored_apsolventskih_ispita_za_skolsku_2024_25-1.docx\" class=\"wp-block-file__button\" download>Preuzmi<\/a><\/div>\n\n\n\n<p class=\"has-black-color has-text-color\">Dr. sci. Izet Gazdi\u0107, red. prof., predmet: &#8221;Fizika&#8221; &#8211; 29.10.2024., 26.11.2024. i 24.12.2024. godine sa po\u010detkom u 10 sati, u\u010dionica 24 na Tehnolo\u0161kom fakultetu<\/p>\n\n\n\n<p class=\"has-black-color has-text-color\">Dr. sci. Salko \u0106osi\u0107, vanr. prof., predmet: &#8221;CAD-Sistemi&#8221; &#8211; 29.10.2024., 26.11.2024. i 31.12.2024. godine sa po\u010detkom u 11 sati, u\u010dionica M\u0160F-03.<\/p>\n\n\n\n<div class=\"wp-block-file\"><a href=\"http:\/\/mf.untz.ba\/wp-content\/uploads\/2024\/10\/RASPORED-APSOLVENTSKIH-ROKOVA_2024_2025-1.docx\">Dr. sci. Denijal Spre\u010di\u0107, red. prof.<\/a><a href=\"http:\/\/mf.untz.ba\/wp-content\/uploads\/2024\/10\/RASPORED-APSOLVENTSKIH-ROKOVA_2024_2025-1.docx\" class=\"wp-block-file__button\" download>Preuzmi<\/a><\/div>\n\n\n\n<div class=\"wp-block-file\"><a href=\"http:\/\/mf.untz.ba\/wp-content\/uploads\/2024\/10\/RASPORED-APSOLVENTSKIH-ROKOVA_2024_2025-1-1.docx\">Dr. sci. D\u017eemal Kova\u010devi\u0107, docent<\/a><a href=\"http:\/\/mf.untz.ba\/wp-content\/uploads\/2024\/10\/RASPORED-APSOLVENTSKIH-ROKOVA_2024_2025-1-1.docx\" class=\"wp-block-file__button\" download>Preuzmi<\/a><\/div>\n\n\n\n<div class=\"wp-block-file\"><a href=\"http:\/\/mf.untz.ba\/wp-content\/uploads\/2024\/10\/Raspored_ispita_apsolventi_ZIMSKI_sem_2024-1.docx\">Dr. sci. Jasmin Halilovi\u0107, docent<\/a><a href=\"http:\/\/mf.untz.ba\/wp-content\/uploads\/2024\/10\/Raspored_ispita_apsolventi_ZIMSKI_sem_2024-1.docx\" class=\"wp-block-file__button\" download>Preuzmi<\/a><\/div>\n\n\n\n<p class=\"has-black-color has-text-color\">Dr. sci. Mirza Be\u0107irovi\u0107, docent, predmeti: &#8221;Industrijski i mobilni roboti&#8221;, &#8221;Projektovanje mehatroni\u010dkih sistema&#8221;, 31.10.2024., 28.11.2024. i 19.12.2024. godine sa po\u010detkom u 15 sati na Ma\u0161inskom fakultetu.<\/p>\n\n\n\n<p>Dr. sci. Fikret Ali\u0107, red. prof., predmeti: &#8221;Prenos topline i mase I&#8221; 15.11.2024. godine u 10 sati, &#8221;Prenos topline i mase II&#8221; 29.11.2024. godine u 10 sati, 13.12.2024. godine u 9:30 sati na Ma\u0161inskom fakultetu.<\/p>\n\n\n\n<p>Dr. sci. Emir \u0160ari\u0107, red. prof., 25.10.2024., 29.11.2024. i 27.12.2024. godine u 12 sati na Ma\u0161inskom fakultetu.<\/p>\n\n\n\n<p>Dr. sci. Samir Butkovi\u0107, red. prof., 31.10.2024., 29.11.2024. i  27.12.2024. godine u 8 sati na Ma\u0161inskom fakultetu.<\/p>\n\n\n\n<p class=\"has-text-color\" style=\"color:#06168e\"><strong>Napomena: <\/strong>Studenti su obavezni javiti se predmetnom nastavniku putem e-maila ukoliko su planirali iza\u0107i na ispit.<\/p>\n\n\n\n<p class=\"has-light-green-cyan-background-color has-background\"><strong>Rezultati &#8211; apsolventski rokovi<\/strong> (akademska 2024\/25. godina)<\/p>\n\n\n\n<div class=\"wp-block-file\"><a href=\"http:\/\/mf.untz.ba\/wp-content\/uploads\/2024\/10\/Rezultati-iz-Matematike-3-oktobar-2024.pdf\">&#8221;Matematika III&#8221;, uvid u radove i upis ocjena: ponedjeljak 28.10.2024. godine, 12h, kabinet 305, PMF. <\/a><a href=\"http:\/\/mf.untz.ba\/wp-content\/uploads\/2024\/10\/Rezultati-iz-Matematike-3-oktobar-2024.pdf\" class=\"wp-block-file__button\" download>Preuzmi<\/a><\/div>\n\n\n\n<div class=\"wp-block-file\"><a href=\"http:\/\/mf.untz.ba\/wp-content\/uploads\/2024\/10\/Rezultati_TD_I_od-24_10_2024..doc\">&#8221;Termodinamika I&#8221;, od 24.10.2024. godine.<\/a><a href=\"http:\/\/mf.untz.ba\/wp-content\/uploads\/2024\/10\/Rezultati_TD_I_od-24_10_2024..doc\" class=\"wp-block-file__button\" download>Preuzmi<\/a><\/div>\n\n\n\n<div class=\"wp-block-file\"><a href=\"http:\/\/mf.untz.ba\/wp-content\/uploads\/2024\/11\/Mat-II-Oktobar-apsolventski.docx\">&#8221;Matematika II&#8221;, upis ocjene i uvid u radove odr\u017ea\u0107e se u srijedu 06.11.2024.g. u 11h na PMF-u, kabinet 305.<\/a><a href=\"http:\/\/mf.untz.ba\/wp-content\/uploads\/2024\/11\/Mat-II-Oktobar-apsolventski.docx\" class=\"wp-block-file__button\" download>Preuzmi<\/a><\/div>\n\n\n\n<div class=\"wp-block-file\"><a href=\"http:\/\/mf.untz.ba\/wp-content\/uploads\/2024\/11\/Rezultati_TermodinamikeI_-od-28_11_2024.doc\">&#8221;Termodinamika I&#8221;, od 28.11.2024. godine.<\/a><a href=\"http:\/\/mf.untz.ba\/wp-content\/uploads\/2024\/11\/Rezultati_TermodinamikeI_-od-28_11_2024.doc\" class=\"wp-block-file__button\" download>Preuzmi<\/a><\/div>\n\n\n\n<div class=\"wp-block-file\"><a href=\"http:\/\/mf.untz.ba\/wp-content\/uploads\/2024\/12\/Mat-II-Novembar-apsolventski.docx\">&#8221;Matematika II&#8221;, uvid u radove odr\u017ea\u0107e se u \u010detvrtak 05.12.2024.g. u 12:45 na PMF-u, kabinet 305. <\/a><a href=\"http:\/\/mf.untz.ba\/wp-content\/uploads\/2024\/12\/Mat-II-Novembar-apsolventski.docx\" class=\"wp-block-file__button\" download>Preuzmi<\/a><\/div>\n\n\n\n<div class=\"wp-block-file\"><a href=\"http:\/\/mf.untz.ba\/wp-content\/uploads\/2024\/12\/Rezultati_Osnovi_energetike_apsolventski_-24_12_2024.doc\">&#8221;Osnovi energetike&#8221;, od 24.12.2024. godine.<\/a><a href=\"http:\/\/mf.untz.ba\/wp-content\/uploads\/2024\/12\/Rezultati_Osnovi_energetike_apsolventski_-24_12_2024.doc\" class=\"wp-block-file__button\" download>Preuzmi<\/a><\/div>\n\n\n\n<div class=\"wp-block-file\"><a href=\"http:\/\/mf.untz.ba\/wp-content\/uploads\/2024\/12\/Rezultati-Apsolventski-rok-Mt3-decembar-2024.pdf\">&#8221;Matematika III&#8221;, od 18.12.2024. godine.<\/a><a href=\"http:\/\/mf.untz.ba\/wp-content\/uploads\/2024\/12\/Rezultati-Apsolventski-rok-Mt3-decembar-2024.pdf\" class=\"wp-block-file__button\" download>Preuzmi<\/a><\/div>\n\n\n\n<div class=\"wp-block-file\"><a href=\"http:\/\/mf.untz.ba\/wp-content\/uploads\/2024\/12\/Rezultati_apsolventi_Termodinamika_I_-od-26_12_2024..doc\">&#8221;Termodinamika I&#8221;, od 26.12.2024. godine.<\/a><a href=\"http:\/\/mf.untz.ba\/wp-content\/uploads\/2024\/12\/Rezultati_apsolventi_Termodinamika_I_-od-26_12_2024..doc\" class=\"wp-block-file__button\" download>Preuzmi<\/a><\/div>\n\n\n\n<div class=\"wp-block-file\"><a href=\"http:\/\/mf.untz.ba\/wp-content\/uploads\/2025\/01\/Mat-II-Decembar-apsolventski.docx\">&#8221;Matematika II&#8221;, od 30.12.2024. godine<\/a><a href=\"http:\/\/mf.untz.ba\/wp-content\/uploads\/2025\/01\/Mat-II-Decembar-apsolventski.docx\" class=\"wp-block-file__button\" download>Preuzmi<\/a><\/div>\n\n\n\n<div class=\"wp-block-file\"><a href=\"http:\/\/mf.untz.ba\/wp-content\/uploads\/2025\/01\/zavrsni_rezultati_TDI_24_01_25.pdf\">&#8221;Termodinamika I&#8221;, od 24.01.2025. godine<\/a><a href=\"http:\/\/mf.untz.ba\/wp-content\/uploads\/2025\/01\/zavrsni_rezultati_TDI_24_01_25.pdf\" class=\"wp-block-file__button\" download>Preuzmi<\/a><\/div>\n\n\n\n<div class=\"wp-block-file\"><a href=\"http:\/\/mf.untz.ba\/wp-content\/uploads\/2025\/02\/Rezultati-MT3-28012025.pdf\">&#8221;Matematika III&#8221;, od 28.01.2025. godine<\/a><a href=\"http:\/\/mf.untz.ba\/wp-content\/uploads\/2025\/02\/Rezultati-MT3-28012025.pdf\" class=\"wp-block-file__button\" download>Preuzmi<\/a><\/div>\n\n\n\n<div class=\"wp-block-file\"><a href=\"http:\/\/mf.untz.ba\/wp-content\/uploads\/2025\/02\/Matematika-II-Masinski-fak.-tabela-po-broju-indeksa-Februar-25.pdf\">&#8221;Matematika II&#8221;, od 12.02.2025. godine<\/a><a href=\"http:\/\/mf.untz.ba\/wp-content\/uploads\/2025\/02\/Matematika-II-Masinski-fak.-tabela-po-broju-indeksa-Februar-25.pdf\" class=\"wp-block-file__button\" download>Preuzmi<\/a><\/div>\n\n\n\n<p><a href=\"https:\/\/docs.google.com\/document\/d\/1QyvWm3zUeQPZ0y8EtK4nV4q_ZxFh7nFS\/edit?usp=sharing&amp;ouid=111632435225808330276&amp;rtpof=true&amp;sd=true\">&#8221;Termodinamika I&#8221;, od 12.02.2025. godine<\/a><\/p>\n\n\n\n<p><a href=\"https:\/\/docs.google.com\/document\/d\/1C-ICmByVae4GSq6-5WzswtVURmnZLK91\/edit?usp=sharing&amp;ouid=111632435225808330276&amp;rtpof=true&amp;sd=true\">&#8221;Osnove energetike&#8221;, od 12.02.2025. godine<\/a><\/p>\n\n\n\n<p><a href=\"https:\/\/drive.google.com\/file\/d\/1VmDF3VymDr4JM-JEun2rH-Px80mBkg6-\/view?usp=sharing\">&#8221;Matematika III&#8221;, od 14.02.2025. godine<\/a><\/p>\n\n\n\n<p><a href=\"https:\/\/docs.google.com\/document\/d\/1c_fWj7_ez7ZLIV9OH_dLd9AOqA3Dxi4Z\/edit?usp=sharing&amp;ouid=111632435225808330276&amp;rtpof=true&amp;sd=true\">&#8221;Matematika II&#8221;, od 13.03.2025. godine<\/a><\/p>\n\n\n\n<p><a href=\"https:\/\/drive.google.com\/file\/d\/12p-wbO9LNaaTlmklIjM1QfNFD13sd6lG\/view?usp=sharing\">&#8221;Matematika III&#8221;, od 17.03.2025. godine<\/a><\/p>\n\n\n\n<p><a href=\"https:\/\/drive.google.com\/file\/d\/1JkWhEENlZwxkNp0s7p_BUdzsS0NJXM2Z\/view?usp=sharing\">&#8221;Termodinamika I&#8221;, od 25.03.2025. godine<\/a><\/p>\n\n\n\n<p><a href=\"https:\/\/drive.google.com\/file\/d\/1zWwHX-I_CzT_xipwQBdlktpP8GLayk4L\/view?usp=sharing\">&#8221;Matematika II&#8221;, od 08.04.2025. godine<\/a><\/p>\n\n\n\n<p><a href=\"https:\/\/docs.google.com\/document\/d\/1Z_pD-DCFZZS0PSn23uYnVw--4hGhy2el\/edit?usp=sharing&amp;ouid=111632435225808330276&amp;rtpof=true&amp;sd=true\">&#8221;Termodinamika I&#8221;, od 14.04.2025. godine<\/a><\/p>\n\n\n\n<p><a href=\"https:\/\/docs.google.com\/spreadsheets\/d\/1hDnyuUv0t0utZ8zOafif70j5r5fQmDbf\/edit?usp=sharing&amp;ouid=111632435225808330276&amp;rtpof=true&amp;sd=true\">&#8221;Matematika II&#8221;, od 15.05.2025. godine<\/a><\/p>\n\n\n\n<p><a href=\"https:\/\/drive.google.com\/file\/d\/1iweEvHyX0hUMNV_dh3Jug-qR7NlhoRC2\/view?usp=sharing\">&#8221;Matematika III&#8221;, od 19.05.2025. godine<\/a><\/p>\n\n\n\n<p><a href=\"https:\/\/docs.google.com\/document\/d\/1gWLs3TdmXnrPuRUncW9s50BbPMv6C-kn\/edit?usp=sharing&amp;ouid=111632435225808330276&amp;rtpof=true&amp;sd=true\">&#8221;Termodinamika I&#8221;, od 27.05.2025. godine<\/a><\/p>\n\n\n\n<p><a href=\"https:\/\/docs.google.com\/document\/d\/125CMSLrfC4soo1x9yPFpx_PMxhqoyp5-\/edit?usp=sharing&amp;ouid=111632435225808330276&amp;rtpof=true&amp;sd=true\">&#8221;Termodinamika I&#8221;, od 27.06.2025. godine<\/a><\/p>\n","protected":false},"excerpt":{"rendered":"<p>Apsolventski ispitni termini (akademska 2025\/26. godina) Apsolventski termini ispita_mart_maj Apsolventski termini ispita_oktobar_novembar_decembar Napomena: Studenti su obavezni javiti se predmetnom nastavniku putem e-maila ukoliko su planirali iza\u0107i na ispit. Rezultati &#8211; apsolventski rokovi (akademska 2025\/26.&#46;&#46;&#46;<\/p>\n","protected":false},"author":1,"featured_media":0,"parent":0,"menu_order":0,"comment_status":"closed","ping_status":"closed","template":"","meta":[],"_links":{"self":[{"href":"http:\/\/mf.untz.ba\/index.php?rest_route=\/wp\/v2\/pages\/88"}],"collection":[{"href":"http:\/\/mf.untz.ba\/index.php?rest_route=\/wp\/v2\/pages"}],"about":[{"href":"http:\/\/mf.untz.ba\/index.php?rest_route=\/wp\/v2\/types\/page"}],"author":[{"embeddable":true,"href":"http:\/\/mf.untz.ba\/index.php?rest_route=\/wp\/v2\/users\/1"}],"replies":[{"embeddable":true,"href":"http:\/\/mf.untz.ba\/index.php?rest_route=%2Fwp%2Fv2%2Fcomments&post=88"}],"version-history":[{"count":76,"href":"http:\/\/mf.untz.ba\/index.php?rest_route=\/wp\/v2\/pages\/88\/revisions"}],"predecessor-version":[{"id":10600,"href":"http:\/\/mf.untz.ba\/index.php?rest_route=\/wp\/v2\/pages\/88\/revisions\/10600"}],"wp:attachment":[{"href":"http:\/\/mf.untz.ba\/index.php?rest_route=%2Fwp%2Fv2%2Fmedia&parent=88"}],"curies":[{"name":"wp","href":"https:\/\/api.w.org\/{rel}","templated":true}]}}